r when 4400 is divided by 151.
21
Calculate the remainder when 273510 is divided by 839.
835
Calculate the remainder when 3193 is divided by 159.
13
Calculate the remainder when 290221 is divided by 302.
301
Calculate the remainder when 892213 is divided by 24.
13
Calculate the remainder when 50005 is divided by 238.
25
What is the remainder when 176546 is divided by 110?
106
What is the remainder when 8810803 is divided by 487?
486
Calculate the remainder when 56527 is divided by 309.
289
Calculate the remainder when 2364 is divided by 238.
222
Calculate the remainder when 3993989 is divided by 210.
209
Calculate the remainder when 810 is divided by 56.
26
Calculate the remainder when 28190 is divided by 9391.
17
What is the remainder when 157392 is divided by 1896?
24
Calculate the remainder when 10511 is divided by 76.
23
What is the remainder when 301 is divided by 83?
52
What is the remainder when 92399 is divided by 91?
34
What is the remainder when 6510 is divided by 142?
120
What is the remainder when 103969 is divided by 1862?
1559
Calculate the remainder when 8474 is divided by 71.
25
Calculate the remainder when 1606 is divided by 15.
1
What is the remainder when 6085 is divided by 626?
451
What is the remainder when 183364 is divided by 366?
364
What is the remainder when 7505 is divided by 2583?
2339
What is the remainder when 44188 is divided by 21985?
218
What is the remainder when 10142 is divided by 3377?
11
What is the remainder when 2907 is divided by 86?
69
Calculate the remainder when 12563 is divided by 661.
4
Calculate the remainder when 13495 is divided by 500.
495
What is the remainder when 8153 is divided by 4071?
11
What is the remainder when 5862 is divided by 834?
24
What is the remainder when 3146 is divided by 479?
272
Calculate the remainder when 26336 is divided by 8765.
41
What is the remainder when 24319 is divided by 40?
39
Calculate the remainder when 893 is divided by 98.
11
Calculate the remainder when 32991 is divided by 6597.
6
What is the remainder when 1662 is divided by 351?
258
What is the remainder when 3867499 is divided by 25?
24
What is the remainder when 22468 is divided by 122?
20
Calculate the remainder when 13802 is divided by 3447.
14
Calculate the remainder when 54443 is divided by 13597.
55
Calculate the remainder when 22735 is divided by 226.
135
What is the remainder when 558 is divided by 325?
233
What is the remainder when 42694 is divided by 18?
16
Calculate the remainder when 1529414 is divided by 28.
26
What is the remainder when 88882 is divided by 88874?
8
Calculate the remainder when 23700 is divided by 7894.
18
Calculate the remainder when 201955 is divided by 135.
130
What is the remainder when 5603 is divided by 234?
221
What is the remainder when 1785 is divided by 69?
60
What is the remainder when 27994 is divided by 27978?
16
Calculate the remainder when 43649 is divided by 77.
67
Calculate the remainder when 276196 is divided by 20.
16
Calculate the remainder when 187387 is divided by 274.
245
Calculate the remainder when 7277 is divided by 2321.
314
Calculate the remainder when 1748 is divided by 452.
392
Calculate the remainder when 91328 is divided by 17.
4
What is the remainder when 3137 is divided by 629?
621
What is the remainder when 5542262 is divided by 56?
54
What is the remainder when 210847 is divided by 219?
169
What is the remainder when 41417 is divided by 1479?
5
What is the remainder when 943286 is divided by 188656?
6
Calculate the remainder when 44390 is divided by 158.
150
Calculate the remainder when 89892 is divided by 749.
12
What is the remainder when 62424 is divided by 21?
12
Calculate the remainder when 185041 is divided by 11.
10
Calculate the remainder when 894525 is divided by 71.
67
What is the remainder when 1071933 is divided by 48?
45
What is the remainder when 4223 is divided by 10?
3
Calculate the remainder when 6306 is divided by 128.
34
What is the remainder when 5955 is divided by 352?
323
What is the remainder when 11814 is divided by 757?
459
Calculate the remainder when 3952 is divided by 438.
10
Calculate the remainder when 601 is divided by 200.
1
What is the remainder when 208513 is divided by 4344?
1
Calculate the remainder when 1863 is divided by 15.
3
Calculate the remainder when 30938 is divided by 1410.
1328
Calculate the remainder when 5500 is divided by 657.
244
Calculate the remainder when 31890 is divided by 28.
26
What is the remainder when 144335 is divided by 28863?
20
Calculate the remainder when 10351 is divided by 86.
31
What is the remainder when 7018 is divided by 373?
304
What is the remainder when 1792 is divided by 18?
10
What is the remainder when 196244 is divided by 250?
244
Calculate the remainder when 18960 is divided by 16965.
1995
What is the remainder when 4506327 is divided by 15?
12
Calculate the remainder when 23842 is divided by 143.
104
What is the remainder when 96770 is divided by 46?
32
Calculate the remainder when 2416 is divided by 780.
76
Calculate the remainder when 27452 is divided by 32.
28
What is the remainder when 10036 is divided by 346?
2
Calculate the remainder when 1599 is divided by 45.
24
Calculate the remainder when 11810 is divided by 1278.
308
Calculate the remainder when 26601 is divided by 11.
3
What is the remainder when 22771 is divided by 3793?
13
Calculate the remainder when 581514 is divided by 290728.
58
What is the remainder when 23624 is divided by 415?
384
What is the remainder when 165887 is divided by 1998?
53
What is the remainder when 4771 is divided by 315?
46
Calculate the remainder when 2039 is divided by 1948.
91
What is the remainder when 6483 is divided by 351?
165
Calculate the remainder when 4075 is divided by 199.
95
Calculate the remainder when 1358 is divided by 224.
14
Calculate the remainder when 230 is divided by 123.
107
What is the remainder when 84970 is divided by 31?
30
What is the remainder when 58090 is divided by 14520?
10
What is the remainder when 339420 is divided by 66?
48
Calculate the remainder when 10439 is divided by 56.
23
What is the remainder when 158268 is divided by 3?
0
What is the remainder when 3928 is divided by 151?
2
What is the remainder when 773490 is divided by 11?
3
Calculate the remainder when 4991 is divided by 333.
329
What is the remainder when 23629 is divided by 193?
83
What is the remainder when 359391 is divided by 258?
255
Calculate the remainder when 87606 is divided by 12509.
43
Calculate the remainder when 10515406 is divided by 16.
14
What is the remainder when 27632 is divided by 77?
66
What is the remainder when 3947 is divided by 449?
355
Calculate the remainder when 1906 is divided by 212.
210
What is the remainder when 12044 is divided by 752?
12
Calculate the remainder when 9050 is divided by 1401.
644
What is the remainder when 141056 is divided by 49?
34
Calculate the remainder when 3656 is divided by 1216.
8
Calculate the remainder when 7035 is divided by 281.
10
Calculate the remainder when 9940 is divided by 3272.
124
Calculate the remainder when 78116 is divided by 374.
324
What is the remainder when 13388 is divided by 497?
466
What is the remainder when 2084 is divided by 291?
47
What is the remainder when 63123 is divided by 820?
803
What is the remainder when 262 is divided by 31?
14
What is the remainder when 512220 is divided by 21?
9
Calculate the remainder when 10521 is divided by 2100.
21
What is the remainder when 2091 is divided by 719?
653
What is the remainder when 3423478 is divided by 120?
118
What is the remainder when 67000 is divided by 770?
10
What is the remainder when 11619 is divided by 529?
510
Calculate the remainder when 984 is divided by 317.
33
Calculate the remainder when 43291 is divided by 6182.
17
What is the remainder when 103899 is divided by 34631?
6
Calculate the remainder when 9279 is divided by 2992.
303
What is the remainder when 4691 is divided by 308?
71
What is the remainder when 65883 is divided by 158?
155
Calculate the remainder when 183 is divided by 25.
8
What is the remainder when 2298 is divided by 2211?
87
Calculate the remainder when 1367202 is divided by 609.
606
Calculate the remainder when 1191031 is divided by 17.
11
Calculate the re